en 1660259 is divided by 15?
14
Calculate the remainder when 5210 is divided by 1300.
10
Calculate the remainder when 96174 is divided by 16029.
0
What is the remainder when 144516 is divided by 186?
180
Calculate the remainder when 1164 is divided by 338.
150
Calculate the remainder when 5237 is divided by 576.
53
Calculate the remainder when 117088 is divided by 619.
97
Calculate the remainder when 4658 is divided by 812.
598
What is the remainder when 17943 is divided by 192?
87
Calculate the remainder when 65401 is divided by 442.
427
Calculate the remainder when 40596 is divided by 27.
15
Calculate the remainder when 19655 is divided by 655.
5
What is the remainder when 1564 is divided by 242?
112
Calculate the remainder when 163752 is divided by 29.
18
Calculate the remainder when 75790 is divided by 92.
74
Calculate the remainder when 191770 is divided by 117.
7
What is the remainder when 1543420 is divided by 79?
76
What is the remainder when 24606 is divided by 34?
24
Calculate the remainder when 17443 is divided by 107.
2
Calculate the remainder when 148639 is divided by 484.
51
Calculate the remainder when 729 is divided by 228.
45
What is the remainder when 6657 is divided by 304?
273
Calculate the remainder when 15077 is divided by 18.
11
Calculate the remainder when 376998 is divided by 520.
518
What is the remainder when 31150 is divided by 421?
417
What is the remainder when 5287 is divided by 58?
9
Calculate the remainder when 220663 is divided by 55162.
15
Calculate the remainder when 544496 is divided by 6640.
16
What is the remainder when 69583 is divided by 20?
3
Calculate the remainder when 9535 is divided by 865.
20
Calculate the remainder when 32198 is divided by 32.
6
What is the remainder when 999 is divided by 162?
27
What is the remainder when 28078 is divided by 104?
102
Calculate the remainder when 1101 is divided by 1065.
36
Calculate the remainder when 1872 is divided by 893.
86
Calculate the remainder when 16618 is divided by 40.
18
What is the remainder when 48252 is divided by 8040?
12
Calculate the remainder when 81001 is divided by 148.
45
What is the remainder when 2328 is divided by 157?
130
What is the remainder when 841965 is divided by 5503?
6
Calculate the remainder when 3885 is divided by 445.
325
What is the remainder when 42526 is divided by 1850?
1826
Calculate the remainder when 4565 is divided by 58.
41
What is the remainder when 135119 is divided by 52?
23
Calculate the remainder when 12396 is divided by 463.
358
What is the remainder when 595 is divided by 463?
132
What is the remainder when 6917 is divided by 1279?
522
What is the remainder when 5938 is divided by 17?
5
Calculate the remainder when 596 is divided by 70.
36
Calculate the remainder when 918 is divided by 280.
78
What is the remainder when 4950 is divided by 854?
680
What is the remainder when 203133 is divided by 101559?
15
What is the remainder when 234552 is divided by 329?
304
Calculate the remainder when 3795285 is divided by 861.
858
Calculate the remainder when 172606 is divided by 16.
14
Calculate the remainder when 130448 is divided by 41.
27
Calculate the remainder when 6290149 is divided by 25.
24
What is the remainder when 47136 is divided by 15694?
54
Calculate the remainder when 55292 is divided by 621.
23
What is the remainder when 78352 is divided by 13?
1
Calculate the remainder when 162085 is divided by 213.
205
Calculate the remainder when 396 is divided by 119.
39
Calculate the remainder when 1927282 is divided by 948.
946
What is the remainder when 433186 is divided by 137?
129
What is the remainder when 12084 is divided by 12?
0
What is the remainder when 12918 is divided by 3219?
42
What is the remainder when 4822 is divided by 138?
130
Calculate the remainder when 2782 is divided by 115.
22
Calculate the remainder when 303695 is divided by 50611.
29
What is the remainder when 23576 is divided by 7850?
26
Calculate the remainder when 9719 is divided by 22.
17
Calculate the remainder when 6131 is divided by 2038.
17
Calculate the remainder when 2159 is divided by 550.
509
Calculate the remainder when 600824 is divided by 23.
18
Calculate the remainder when 389588 is divided by 508.
460
Calculate the remainder when 960596 is divided by 93.
92
What is the remainder when 7927 is divided by 1315?
37
Calculate the remainder when 152104 is divided by 12.
4
Calculate the remainder when 34688 is divided by 11533.
89
Calculate the remainder when 52881 is divided by 113.
110
What is the remainder when 8110 is divided by 82?
74
Calculate the remainder when 125330 is divided by 382.
34
Calculate the remainder when 561032 is divided by 17.
15
What is the remainder when 23232 is divided by 23222?
10
What is the remainder when 12771 is divided by 25?
21
Calculate the remainder when 2548 is divided by 18.
10
What is the remainder when 94122 is divided by 125?
122
Calculate the remainder when 10919 is divided by 151.
47
What is the remainder when 6965 is divided by 440?
365
Calculate the remainder when 11383 is divided by 115.
113
Calculate the remainder when 3765 is divided by 458.
101
What is the remainder when 9830 is divided by 237?
113
What is the remainder when 211759 is divided by 253?
251
What is the remainder when 514598 is divided by 310?
308
What is the remainder when 549537 is divided by 426?
423
Calculate the remainder when 1287 is divided by 50.
37
What is the remainder when 10913029 is divided by 38?
37
Calculate the remainder when 616990 is divided by 308491.
8
Calculate the remainder when 33325 is divided by 11101.
22
Calculate the remainder when 4371574 is divided by 7.
4
What is the remainder when 336420 is divided by 26?
6
Calculate the remainder when 1502 is divided by 197.
123
Calculate the remainder when 767402 is divided by 163.
161
What is the remainder when 491 is divided by 382?
109
What is the remainder when 37607 is divided by 143?
141
Calculate the remainder when 367022 is divided by 101.
89
What is the remainder when 631780 is divided by 315871?
38
What is the remainder when 22202 is divided by 10?
2
What is the remainder when 12090 is divided by 11803?
287
Calculate the remainder when 109623 is divided by 2436.
3
Calculate the remainder when 67014 is divided by 8375.
14
What is the remainder when 11265 is divided by 3748?
21
What is the remainder when 437898 is divided by 48654?
12
What is the remainder when 2849 is divided by 47?
29
What is the remainder when 7761 is divided by 36?
21
Calculate the remainder when 3831 is divided by 1158.
357
Calculate the remainder when 55509 is divided by 6931.
61
Calculate the remainder when 2157396 is divided by 805.
801
Calculate the remainder when 1172 is divided by 731.
441
What is the remainder when 4112 is divided by 28?
24
Calculate the remainder when 523358 is divided by 133.
3
What is the remainder when 34069 is divided by 33?
13
Calculate the remainder when 8712 is divided by 47.
17
What is the remainder when 918 is divided by 840?
78
What is the remainder when 184372 is divided by 120?
52
Calculate the remainder when 30614 is divided by 2783.
1
What is the remainder when 11683 is divided by 488?
459
What is the remainder when 1648 is divided by 91?
10
What is the remainder when 130471 is divided by 133?
131
What is the remainder when 2170 is divided by 41?
38
Calculate the remainder when 9824 is divided by 214.
194
Calculate the remainder when 38264 is divided by 1417.
5
What is the remainder when 641 is divided by 317?
7
Calculate the remainder when 344104 is divided by 3100.
4
What is the remainder when 19099 is divided by 32?
27
Calculate the remainder when 14257 is divided by 412.
249
What is the remainder when 940 is divided by 88?
60
What is the remainder when 208655 is divided by 216?
215
What is the remainder when 29570 is divided by 2681?
79
What is the remainder when 10280 is divided by 53?
51
Calculate the remainder when 296614 is divided by 208.
6
What is the remainder when 8342 is divided by 1813?
1090
Calculate the remainder when 24476 is divided by 149.
40
What is the remainder when 61319 is divided by 667?
622
What is the remainder when 42088 is divided by 138?
136
Calculate the remainder when 26598 is divided by 4.
2
Calcul